se -r*o = -3305 - 3007. Suppose 0 = -2*x - 124 + o. Is x composite?
False
Is (1466551/5)/((-32)/(-160)) prime?
True
Let b(p) = 3090*p - 1423. Is b(45) prime?
False
Let a(w) = -2*w**2 + 10*w - 9. Let c be a(6). Let m = -147 - -138. Is 15490/35 + m/c a composite number?
False
Let s(a) = -a**3 + 7*a**2 + 10*a - 12. Let q be s(8). Suppose x = -0*x - 5*w - 144, 0 = q*w. Let v = x - -307. Is v prime?
True
Suppose 0 = 2*i + 18, 4*q + 881*i - 3165103 = 884*i. Is q a composite number?
True
Let u = 24909 + 4072. Is u prime?
False
Suppose -2*m + 2*b - b = -25, -5*m = -3*b - 64. Let y = 4085 - -2978. Suppose 18*l - y = m*l. Is l prime?
True
Let s(n) = n**2 - 8*n - 25. Let p be s(15). Is 16/p - (-1268)/10 a prime number?
True
Suppose -5*p = 5, 710*b + 38576 = 712*b + 2*p. Is b a composite number?
False
Suppose 0 = -5*v + 4*f + 966136 + 2237915, -4*f + 1922437 = 3*v. Is v a composite number?
True
Let w(z) = -22070*z + 1033. Is w(-5) a prime number?
False
Let o = 82317 + -17378. Is o prime?
False
Suppose -2*u + 2*z = -40, 138 = 5*u - 2*z + 35. Suppose -1719 = -u*n + 12*n. Is n a composite number?
False
Suppose 52*h - 51*h - 1173392 = -3*f, 0 = -5*f + 3*h + 1955686. Is f a prime number?
True
Let s(u) = 142*u**2 - 3*u + 4. Let v be (-1 - 0)/((-32)/(-1120)). Let x = 36 + v. Is s(x) composite?
True
Let j be (-152903)/7 + (-26)/(-91). Let m be j/(-30) - 5/50. Let l = 4311 + m. Is l a composite number?
False
Suppose 4*h - 48 = -4*o + h, 2*o + 2*h = 24. Suppose 11*m = o*m - 4. Suppose -i = 2*f - 837, 0 = m*i - 0*i + 5*f - 3354. Is i a composite number?
True
Let y be (16663/3)/(1/(2 + 1)). Suppose -2*s + y = m, s = 3*m + 3857 + 4457. Is s a prime number?
True
Let j(m) = m**2 + 1. Let c(h) = -7*h**2 - 15*h + 10. Let d(x) = c(x) + 5*j(x). Let p(r) = -r. Let l(b) = -d(b) + 4*p(b). Is l(6) composite?
True
Let o(d) = -d**3 + 9*d**2 + 4. Let s be o(9). Suppose -s*t + 356 + 232 = 0. Let p = t + -80. Is p prime?
True
Let a = -71020 + 203377. Is a a prime number?
False
Suppose -95*f + 6219122 = 87*f. Is f prime?
True
Let b = -23507 - -60154. Is b a composite number?
True
Let o = 61 + -65. Let y be (4 - 1537)*o/(-6). Let p = 401 - y. Is p a composite number?
False
Suppose -16224 = -17*u - 15*u + 45*u. Let y(j) = -214*j**2 - j - 1. Let r be y(-2). Let n = r - u. Is n prime?
False
Let q be (-1)/(-2) - (4 + 32186/(-4)). Suppose -3*f = 3*t - q, 4*t - 4*f - 10736 = -2*f. Is t composite?
False
Let c(x) = x**2 - 40*x + 82. Is c(39) a composite number?
False
Suppose 9*p - 11*p + 5*t - 13 = 0, -7 = 3*p - 5*t. Let u(w) = 118*w**2 + 4*w - 19. Is u(p) a composite number?
False
Suppose -77*v + 716644 = -671573 + 342788. Is v composite?
False
Suppose 13 - 393 = -5*u. Let h = u - 73. Suppose 5*j - 5*a = 270, 5*a - 2 = h. Is j a composite number?
True
Let o = 224111 + -93406. Is o prime?
False
Is (-16)/12*((-2)/10 - 1153146/120) a composite number?
True
Let i(l) = -5736*l - 9. Let v be i(4). Let c be 3/(-4) - (2 - v/(-28)). Suppose 0 = 5*g + 2*y - c, -4*y + 173 = -5*g + 984. Is g composite?
False
Suppose -3*i = 2*k - 1099384, -5*k + 4*i + 657723 = -2090806. Is k a prime number?
True
Suppose 3*m - 4397 = -5*i, -8*i + 5*i - 2906 = -2*m. Let k = m - -655. Suppose -21*o = -19*o - k. Is o prime?
False
Let w = 18 + -12. Let d = 7223 - -1473. Suppose 10*q - d = w*q. Is q prime?
False
Suppose -121966 = 19*j - 45*j. Suppose -14160 = -4*u + 4*s, s = -3*u + j + 5941. Is u composite?
True
Let b(a) = -a**2 - 14*a + 54. Let h be b(-17). Is (-1)/h*-921*13 composite?
True
Suppose -105514 - 235113 + 9872 = -83*k. Is k composite?
True
Let v(j) = -20*j - 18*j**2 - 16*j**2 - 88 + 35*j**2 - 35. Is v(30) composite?
True
Suppose 46*m - 72*m = -1035164. Let g = m + -13577. Is g a prime number?
True
Let n(w) = 32*w**2 + 28*w - 51. Is n(20) prime?
True
Let a = -9375 + 22698. Is a composite?
True
Suppose -5*m - z + 849085 = 0, -106038 = -5*m + 4*z + 743047. Is m composite?
False
Let m(h) = 192656*h**2 + 331*h - 3. Is m(2) prime?
True
Suppose 5*o - 770334 = 1193829 - 337978. Is o prime?
False
Let o(n) = -24347*n - 25. Let x be o(-3). Suppose 0 = -105*s + 97*s + x. Is s prime?
True
Suppose 0 = -11*r + 9*r + 16656. Suppose 22*h = 30*h - r. Let c = h - 540. Is c a prime number?
False
Suppose -l - 3*f - 422 = 0, l = -l + f - 858. Let a = l + 798. Suppose -5*o - 3*v = -929, 3*o - o - a = -2*v. Is o a composite number?
True
Let r = -98 + 101. Let n(a) = 3*a**3 - a**2 + 68 + 63 + 6*a**2 - 129 - 5*a. Is n(r) a composite number?
False
Suppose 67*y - 68*y = -124974. Is 1/(-7) - y/(-21) prime?
False
Suppose -2546 - 2945 = -17*s. Suppose -2*d = -2*b + 120 + 100, -5*b + 3*d = -548. Let r = s - b. Is r composite?
True
Let w(g) = -264*g**3 - 11*g**2 - 34*g - 195. Is w(-10) composite?
True
Let a be -2 + (2/2 - 1). Let u(k) = -366*k**3 + 2*k + 3. Is u(a) a prime number?
True
Let s = -562 + 567. Is (50308/(-8))/(s/(-10)) a prime number?
True
Suppose 31*z = 33*z - 6. Let y(d) = 8*d**2 - 22*d**2 - 14*d - 4 + d**3 + z + 0. Is y(16) a prime number?
False
Suppose -16*w + 63923 + 75229 = 0. Suppose 2*v + w = 5*v. Is v a composite number?
True
Let n = 826659 - 231500. Is n a prime number?
True
Let h = -28 - -28. Suppose 5*t = -2*o + 3*t + 3292, 2*o - 4*t - 3316 = h. Suppose 4*u - 5*a - 861 = o, 2*u + 4*a = 1262. Is u a prime number?
False
Suppose -3*l = 4*u - 335231, -38*l + 36*l + 223479 = u. Is l prime?
False
Let z(v) be the first derivative of 7*v**3 - v**2/2 + 51*v + 12. Is z(11) a prime number?
False
Suppose 5*i - 25 = 0, -3*i - 91849 - 14393 = -3*v. Is v a composite number?
False
Let u = -99790 + 143563. Is u composite?
True
Suppose 20*m + 288565 = 13305. Let t = -1246 - m. Is t a prime number?
True
Let l = 526 + 687. Is l a prime number?
True
Let t(x) = 2*x**2 + 25 + x**2 - 2*x - x - 54. Is t(17) composite?
False
Suppose 6*v - 16*v = 0. Suppose v = 6*q - 12 - 0. Let i(a) = 26*a**3 + a**2 - 1. Is i(q) a composite number?
False
Let b be 3 + ((-4 - -3) + 0 - 3). Let d be b/(1*(3 - 4)). Is (d - -1042) + 3/12*0 a composite number?
True
Suppose 67*m - 48*m = -75*m + 494469610. Is m a prime number?
False
Let c(v) = 2*v**3 + 9*v**2 - 4*v - 13. Let q(l) = -5*l**3 - 19*l**2 + 7*l + 25. Let x(p) = -7*c(p) - 3*q(p). Is x(11) prime?
False
Let r(y) = 48*y**3 - 73*y**2 - 30*y + 165. Let b(f) = -12*f**3 + 18*f**2 + 8*f - 41. Let m(j) = 9*b(j) + 2*r(j). Is m(-11) a composite number?
False
Suppose 44*z = 90*z - 2623058. Is z a prime number?
False
Let c be 0/3 - (-6363)/1. Suppose j = 4*h + 10125, h + 2520 = -52*j + 50*j. Let z = c + h. Is z composite?
False
Suppose -11*q = -5*q - 12. Let m be (-62905)/(-30) - q/(-12). Let f = m + -1246. Is f prime?
False
Suppose 0 = 3*l - c - 19, -2*l = -l - 2*c - 3. Suppose -10 = -l*t + 4. Suppose t*n = n + 587. Is n composite?
False
Let i(y) be the third derivative of 107*y**5/30 - 2*y**4/3 + 83*y**3/6 - 298*y**2. Is i(9) composite?
True
Let f = 85186 + -49833. Is f a composite number?
False
Let b(z) = -3*z**2 + 11*z + 23459. Suppose -4*y - 2 - 1 = -n, -3*n + 9 = 4*y. Is b(y) a prime number?
True
Let o be 6*(20/8 + -2). Suppose 7*b = 17 - o. Is (-15946)/(-42) - b/3 a prime number?
True
Let l(u) = -3*u**2 + 14*u + 6. Let f be l(6). Let i(v) = -v - 15. Let s be i(f). Suppose -488 = -s*a - 4*z + 3*z, 0 = -3*a - 3*z + 486. Is a a prime number?
True
Let b be (-54)/(-4) - 6*2/24. Let p = b - 10. Suppose 3*m = k - 476 - 684, -3*k + 3474 = -p*m. Is k composite?
True
Suppose -10*l - 4*v - 10168 = -5*l, -l = 3*v + 2038. Let b = l - -3503. Is b a composite number?
False
Suppose 3*o - 45*g - 1294963 = -41*g, -2*o + 863307 = -g. Is o prime?
False
Let i(v) = -6*v - 167. Let r be i(-26). Is ((-87)/(-6) + 1)/(r/(-1958)) a prime number?
False
Let x(g) = 838*g**3 - 2*g**2 - g + 2. Let v be x(2). Suppose n - 3 - 1 = 0, -5*f = -4*n + v. Let q = f + 2487. Is q a prime number?
True
Suppose 4*p - 6*p = 8, -338 = -2*v - 5*p. Suppose 5*f + 3*d = 3*f + v, -d = -3*f + 296. Is f a prime number?
True
Let o(a) = -19 + 3*a + 49 + 0*a + 21*a**2 - 23 + 20*a**2. Let u(q) = q**3 + 5*q**2 - q. Let l be u(-5). Is o(l) prime?
False
Is ((-19)/(38/(-7248)) + 7)*1 composite?
False
Let o(c) = -3*c**2 - 5*c - 7. Let g be o(-4). Let j = 37 + g. Suppose 2*y + 930 = 2*t - j*y, -3*t + 4*y = -1397. Is t prime?
True
Let r(j) = 56*j**2 + 2*j - 59. Suppose 17*t - 